{"id":6202,"date":"2022-09-30T13:09:18","date_gmt":"2022-09-30T13:09:18","guid":{"rendered":"https:\/\/margauxcontal.com\/?page_id=6202"},"modified":"2023-04-21T13:07:52","modified_gmt":"2023-04-21T13:07:52","slug":"vcard-2-2","status":"publish","type":"page","link":"https:\/\/margauxcontal.com\/?page_id=6202","title":{"rendered":"Contact"},"content":{"rendered":"\t\t<div data-elementor-type=\"wp-page\" data-elementor-id=\"6202\" class=\"elementor elementor-6202\">\n\t\t\t\t\t\t<section class=\"elementor-section elementor-top-section elementor-element elementor-element-04b1466 elementor-section-boxed elementor-section-height-default elementor-section-height-default qodef-elementor-content-no\" data-id=\"04b1466\" data-element_type=\"section\" data-e-type=\"section\">\n\t\t\t\t\t\t<div class=\"elementor-container elementor-column-gap-default\">\n\t\t\t\t\t<div class=\"elementor-column elementor-col-100 elementor-top-column elementor-element elementor-element-8539a33\" data-id=\"8539a33\" data-element_type=\"column\" data-e-type=\"column\">\n\t\t\t<div class=\"elementor-widget-wrap elementor-element-populated\">\n\t\t\t\t\t\t<div class=\"elementor-element elementor-element-dec0306 elementor-widget elementor-widget-heading\" data-id=\"dec0306\" data-element_type=\"widget\" data-e-type=\"widget\" data-widget_type=\"heading.default\">\n\t\t\t\t<div class=\"elementor-widget-container\">\n\t\t\t\t\t<h1 class=\"elementor-heading-title elementor-size-default\">Contact<\/h1>\t\t\t\t<\/div>\n\t\t\t\t<\/div>\n\t\t\t\t\t<\/div>\n\t\t<\/div>\n\t\t\t\t\t<\/div>\n\t\t<\/section>\n\t\t\t\t<section class=\"elementor-section elementor-top-section elementor-element elementor-element-ef250e9 elementor-section-boxed elementor-section-height-default elementor-section-height-default qodef-elementor-content-no\" data-id=\"ef250e9\" data-element_type=\"section\" data-e-type=\"section\">\n\t\t\t\t\t\t<div class=\"elementor-container elementor-column-gap-default\">\n\t\t\t\t\t<div class=\"elementor-column elementor-col-100 elementor-top-column elementor-element elementor-element-997ac43\" data-id=\"997ac43\" data-element_type=\"column\" data-e-type=\"column\">\n\t\t\t<div class=\"elementor-widget-wrap elementor-element-populated\">\n\t\t\t\t\t\t<div class=\"elementor-element elementor-element-3dc9008 elementor-widget elementor-widget-text-editor\" data-id=\"3dc9008\" data-element_type=\"widget\" data-e-type=\"widget\" data-widget_type=\"text-editor.default\">\n\t\t\t\t<div class=\"elementor-widget-container\">\n\t\t\t\t\t\t\t\t\t<p class=\"p1\" style=\"text-align: center;\"><span style=\"color: #4218d9;\"><strong>Envie de cr\u00e9er un projet ensemble ?<\/strong><\/span><\/p><p class=\"p1\" style=\"text-align: center;\"><span style=\"color: #4218d9;\">N\u2019h\u00e9sitez pas \u00e0 me contacter par mail pour parler de votre projet autour d&rsquo;un caf\u00e9 et d\u00e9marrer l&rsquo;aventure !<\/span><\/p>\t\t\t\t\t\t\t\t<\/div>\n\t\t\t\t<\/div>\n\t\t\t\t<div class=\"elementor-element elementor-element-fd9c899 elementor-align-center e-transform elementor-widget elementor-widget-button\" data-id=\"fd9c899\" data-element_type=\"widget\" data-e-type=\"widget\" data-settings=\"{&quot;_transform_scale_effect_tablet&quot;:{&quot;unit&quot;:&quot;px&quot;,&quot;size&quot;:0.8,&quot;sizes&quot;:[]},&quot;_transform_scale_effect&quot;:{&quot;unit&quot;:&quot;px&quot;,&quot;size&quot;:&quot;&quot;,&quot;sizes&quot;:[]},&quot;_transform_scale_effect_mobile&quot;:{&quot;unit&quot;:&quot;px&quot;,&quot;size&quot;:&quot;&quot;,&quot;sizes&quot;:[]}}\" data-widget_type=\"button.default\">\n\t\t\t\t<div class=\"elementor-widget-container\">\n\t\t\t\t\t\t\t\t\t<div class=\"elementor-button-wrapper\">\n\t\t\t\t\t<a class=\"elementor-button elementor-button-link elementor-size-lg elementor-animation-float\" href=\"mailto:hello.margauxcontal@gmail.com\" target=\"_blank\">\n\t\t\t\t\t\t<span class=\"elementor-button-content-wrapper\">\n\t\t\t\t\t\t<span class=\"elementor-button-icon\">\n\t\t\t\t<svg xmlns=\"http:\/\/www.w3.org\/2000\/svg\" xmlns:xlink=\"http:\/\/www.w3.org\/1999\/xlink\" width=\"36px\" height=\"24px\" viewBox=\"0 0 36 24\"><title>Icon \/ Fl\u00eache<\/title><g id=\"Page-1\" stroke=\"none\" stroke-width=\"1\" fill=\"none\" fill-rule=\"evenodd\"><g id=\"Home---HD\" transform=\"translate(-441.000000, -1410.000000)\" fill=\"#FFFFFF\"><g id=\"Group-9\" transform=\"translate(120.000000, 932.000000)\"><g id=\"Bouton\" transform=\"translate(129.000000, 457.000000)\"><g id=\"Icon-\/-Fl&#xEA;che\" transform=\"translate(190.000000, 13.000000)\"><path d=\"M36.1735238,31.9925769 L36.2004687,31.9900784 C36.2393523,31.9862086 36.277908,31.9812251 36.3161037,31.9751603 L36.2007196,31.9900534 C36.265056,31.9836423 36.3284948,31.9741823 36.3908894,31.96182 L36.3161037,31.9751603 C36.3756826,31.9657002 36.4343852,31.9536092 36.4920888,31.9390101 L36.3908894,31.96182 C36.4409508,31.9519012 36.4903401,31.9401142 36.5389815,31.9265344 L36.4920888,31.9390101 C36.5460764,31.9253512 36.5991894,31.9094967 36.6513274,31.8915473 L36.5389815,31.9265344 C36.5908468,31.9120546 36.6418618,31.8955367 36.6919347,31.8770724 L36.6513274,31.8915473 C36.7006255,31.8745756 36.7490519,31.855731 36.7965215,31.8350984 L36.6919347,31.8770724 C36.7433668,31.8581069 36.7938048,31.8370879 36.8431495,31.814115 L36.9778691,31.74505 C36.9873263,31.7397391 36.9967358,31.7343536 37.0060971,31.7288943 L36.9780802,31.7449314 C37.0241479,31.7190538 37.0690869,31.6914046 37.1128049,31.6620763 L37.0060971,31.7288943 C37.095047,31.6770197 37.1796314,31.6184771 37.2591648,31.5539517 L25.5608932,19.8538932 L37.0910637,8.32354275 C37.0491418,8.29620356 37.0061312,8.27039426 36.962111,8.24619408 C36.9470432,8.23791352 36.9321336,8.22996438 36.9171131,8.22220002 L36.962111,8.24619408 C36.9162157,8.22096298 36.8692229,8.19748101 36.8212226,8.17583795 L36.9171131,8.22220002 C36.8688587,8.1972566 36.8194588,8.17422011 36.7690131,8.15319026 L36.8212226,8.17583795 C36.7786669,8.15664984 36.7353192,8.13890712 36.6912422,8.12267237 L36.7690131,8.15319026 C36.7174107,8.13167823 36.6647139,8.1122659 36.6110295,8.09506 L36.6912422,8.12267237 C36.6407914,8.10409004 36.5893851,8.08748332 36.537117,8.07294602 L36.6110295,8.09506 C36.5663112,8.08072774 36.5209077,8.06792645 36.4748805,8.05671779 L36.537117,8.07294602 C36.4874966,8.05914512 36.4370995,8.0472093 36.386006,8.03721883 L36.4748805,8.05671779 C36.4203231,8.04343186 36.3648896,8.03238358 36.3086827,8.0236757 L36.386006,8.03721883 C36.3418804,8.02859081 36.2972353,8.02141371 36.2521225,8.01573926 L36.3086827,8.0236757 C36.2568485,8.01564526 36.2043565,8.00960522 36.1512872,8.00563615 L36,8 C36.0508955,8 36.1013469,8.0019011 36.1512872,8.00563615 L36,8 C36.0853966,8 36.1695432,8.00535213 36.2521225,8.01573926 C36.2708434,8.01809089 36.2898066,8.02075132 36.3086827,8.0236757 C36.3347097,8.02770966 36.360445,8.0322208 36.386006,8.03721883 C36.4158108,8.04304512 36.4454729,8.04955639 36.4748805,8.05671779 C36.4957823,8.06180832 36.5165166,8.06721644 36.537117,8.07294602 C36.5618691,8.07982855 36.586552,8.08721493 36.6110295,8.09506 C36.6381421,8.1037525 36.6648232,8.11294156 36.6912422,8.12267237 C36.7172318,8.13224032 36.7432587,8.14245378 36.7690131,8.15319026 C36.7868393,8.16062671 36.8040951,8.16811526 36.8212226,8.17583795 C36.8532345,8.19025817 36.8854208,8.20581781 36.9171131,8.22220002 C36.9325313,8.23017497 36.9473777,8.2380944 36.962111,8.24619408 C37.5806219,8.5860966 38,9.2440728 38,10 L38,30 C38,30.627366 37.7111398,31.1872651 37.2591648,31.5539517 L37.2596717,31.5535403 L37.2250135,31.5810497 C37.2053252,31.5963266 37.1853438,31.6112438 37.1650793,31.6257916 L37.2596717,31.5535403 C37.2124503,31.5918765 37.1634468,31.628103 37.1128049,31.6620763 C37.077863,31.6855113 37.0423425,31.7077564 37.0060971,31.7288943 C36.9969638,31.7342224 36.9875458,31.7396143 36.9780802,31.7449314 C36.9339611,31.7697075 36.8890279,31.7927558 36.8431495,31.814115 C36.8228332,31.8234919 36.8097143,31.8293642 36.7965215,31.8350984 C36.7617183,31.8502112 36.7270583,31.8641206 36.6919347,31.8770724 C36.6786115,31.8819871 36.665003,31.8868393 36.6513274,31.8915473 C36.6142564,31.9043063 36.5768456,31.9159635 36.5389815,31.9265344 C36.5234849,31.9308615 36.507824,31.9350291 36.4920888,31.9390101 C36.458615,31.9474772 36.4249074,31.9550799 36.3908894,31.96182 C36.3664154,31.9666748 36.3413381,31.9711535 36.3161037,31.9751603 C36.2777488,31.9812432 36.2393964,31.9861992 36.2007196,31.9900534 C36.1913777,31.9909831 36.1822688,31.991827 36.1731424,31.9926096 C36.1654503,31.9932707 36.157363,31.9939166 36.1492623,31.9945143 L36,32 C36.0583311,32 36.1160789,31.9975028 36.1731424,31.9926096 L36.1735238,31.9925769 Z M15.8538932,21.2678932 L20,25.4142136 L24.1458932,21.2678932 L34.8783283,31.9994756 L5.12132826,31.9994756 L15.8538932,21.2678932 Z M34.5863283,7.99947557 L20,22.585 L5.41332826,7.99947557 L34.5863283,7.99947557 Z M3.8264762,31.9925769 L4,32 C3.93233981,32 3.86546434,31.9966402 3.79953132,31.9900784 C3.7606036,31.9861992 3.72225116,31.9812432 3.68425497,31.9752172 C3.65866187,31.9711535 3.63358463,31.9666748 3.6086739,31.9617334 C3.5750926,31.9550799 3.54138497,31.9474772 3.50801147,31.9390355 C3.49217597,31.9350291 3.47651508,31.9308615 3.46093096,31.92651 C3.42315443,31.9159635 3.38574355,31.9043063 3.34882157,31.8915986 C3.33499702,31.8868393 3.32138851,31.8819871 3.3078489,31.8769926 C3.27294169,31.8641206 3.23828167,31.8502112 3.20411686,31.8353757 C3.19028572,31.8293642 3.17716682,31.8234919 3.16412365,31.8174833 C3.11097213,31.7927558 3.06603895,31.7697075 3.02213086,31.74505 C3.0124542,31.7396143 3.00303622,31.7342224 2.9936667,31.7287565 C2.95765754,31.7077564 2.92213702,31.6855113 2.88738774,31.6622055 C2.86947969,31.6501918 2.8519648,31.6380317 2.83465655,31.6256019 C2.81465619,31.6112438 2.79467484,31.5963266 2.77498651,31.5810497 C2.76305348,31.5717855 2.75163975,31.5627234 2.74032826,31.5535403 C2.28886022,31.1872651 2,30.627366 2,30 L2,10 C2,9.2440728 2.41937809,8.5860966 3.03816125,8.24604441 L2.90891841,8.32355443 C2.96487199,8.28706367 3.02276515,8.25329837 3.08240952,8.22244688 C3.11457917,8.20581781 3.14676554,8.19025817 3.17941781,8.17554933 C3.19589084,8.16812144 3.21314689,8.16063261 3.23052715,8.153382 C3.25674126,8.14245378 3.28276819,8.13224032 3.30905445,8.12256315 C3.33516496,8.11294574 3.36184643,8.10375634 3.38877648,8.09512219 C3.413448,8.08721493 3.43813086,8.07982855 3.46300892,8.072911 C3.48347398,8.06721894 3.5042086,8.06181063 3.52507135,8.05672952 C3.5545271,8.04955639 3.58418924,8.04304512 3.61408985,8.03720009 C3.63954832,8.03222201 3.66528412,8.0277107 3.69118417,8.02369633 C3.71019335,8.02075132 3.72915663,8.01809089 3.74820325,8.01569832 C3.78102352,8.01156996 3.81442682,8.00821147 3.84806217,8.00568492 C3.89865306,8.0019011 3.94910452,8 4,8 L3.84871277,8.00563615 C3.81496933,8.00815984 3.78145925,8.0115208 3.74820325,8.01569832 L3.84806217,8.00568492 C3.79516908,8.00965804 3.74284982,8.01568844 3.69118417,8.02369633 L3.74820325,8.01569832 C3.7030123,8.02137507 3.65829051,8.02855965 3.61408985,8.03720009 L3.69118417,8.02369633 C3.63500628,8.0324036 3.57960115,8.04344885 3.52507135,8.05672952 L3.61408985,8.03720009 C3.56300675,8.04718592 3.5126197,8.0591163 3.46300892,8.072911 L3.52507135,8.05672952 C3.4789941,8.06795159 3.43354185,8.08076977 3.38877648,8.09512219 L3.46300892,8.072911 C3.41079989,8.08742816 3.35945057,8.10401005 3.30905445,8.12256315 L3.38877648,8.09512219 C3.33499968,8.11236379 3.28221415,8.13181949 3.23052715,8.153382 L3.30905445,8.12256315 C3.26509633,8.13874614 3.22186344,8.15642888 3.17941781,8.17554933 L3.23052715,8.153382 C3.18007466,8.17442951 3.13066885,8.1974844 3.08240952,8.22244688 L3.17941781,8.17554933 C3.13128998,8.19722943 3.08417431,8.22075794 3.03816125,8.24604441 L2.90891841,8.32355443 L14.4388932,19.8528932 L2.74083518,31.5539517 C2.75211796,31.5631054 2.76350239,31.5721387 2.77498651,31.5810497 C2.7943058,31.5960485 2.8143388,31.611011 2.83465655,31.6256019 L2.77498651,31.5810497 C2.81146844,31.6093573 2.84895642,31.6364302 2.88738774,31.6622055 L2.83465655,31.6256019 C2.88590165,31.6624031 2.93895818,31.6968411 2.9936667,31.7287565 L2.88738774,31.6622055 C2.93111184,31.6915306 2.97605699,31.7191762 3.02213086,31.74505 L3.02191982,31.7449314 C3.08101359,31.7781168 3.14173985,31.8082896 3.20411686,31.8353757 C3.23777978,31.8500074 3.2725806,31.8639828 3.3078489,31.8769926 L3.20411686,31.8353757 C3.25143008,31.8559206 3.29969303,31.8746896 3.34882157,31.8915986 L3.3078489,31.8769926 C3.35796305,31.8954787 3.40902107,31.9120152 3.46093096,31.92651 L3.34882157,31.8915986 C3.40094404,31.909538 3.45404083,31.9253838 3.50801147,31.9390355 L3.46093096,31.92651 C3.50945918,31.9400605 3.55873189,31.9518267 3.6086739,31.9617334 L3.50801147,31.9390355 C3.5657986,31.9536525 3.62458753,31.9657542 3.68425497,31.9752172 L3.6086739,31.9617334 C3.6712903,31.9741542 3.73495883,31.9836519 3.79953132,31.9900784 L3.68425497,31.9752172 C3.73113958,31.9826529 3.7785666,31.9884594 3.8264762,31.9925769 L4,32 C3.94153897,32 3.88366379,31.9974917 3.8264762,31.9925769 Z\" id=\"Combined-Shape\"><\/path><\/g><\/g><\/g><\/g><\/g><\/svg>\t\t\t<\/span>\n\t\t\t\t\t\t\t\t\t<span class=\"elementor-button-text\">Me contacter<\/span>\n\t\t\t\t\t<\/span>\n\t\t\t\t\t<\/a>\n\t\t\t\t<\/div>\n\t\t\t\t\t\t\t\t<\/div>\n\t\t\t\t<\/div>\n\t\t\t\t\t<\/div>\n\t\t<\/div>\n\t\t\t\t\t<\/div>\n\t\t<\/section>\n\t\t\t\t<\/div>\n\t\t","protected":false},"excerpt":{"rendered":"<p>Contact Envie de cr\u00e9er un projet ensemble ? N\u2019h\u00e9sitez pas \u00e0 me contacter par mail pour parler de votre projet autour d&rsquo;un caf\u00e9 et d\u00e9marrer l&rsquo;aventure ! Icon \/ Fl\u00eache Me contacter<\/p>\n","protected":false},"author":1,"featured_media":0,"parent":0,"menu_order":0,"comment_status":"closed","ping_status":"closed","template":"page-full-width.php","meta":{"footnotes":""},"class_list":["post-6202","page","type-page","status-publish","hentry"],"aioseo_notices":[],"_links":{"self":[{"href":"https:\/\/margauxcontal.com\/index.php?rest_route=\/wp\/v2\/pages\/6202","targetHints":{"allow":["GET"]}}],"collection":[{"href":"https:\/\/margauxcontal.com\/index.php?rest_route=\/wp\/v2\/pages"}],"about":[{"href":"https:\/\/margauxcontal.com\/index.php?rest_route=\/wp\/v2\/types\/page"}],"author":[{"embeddable":true,"href":"https:\/\/margauxcontal.com\/index.php?rest_route=\/wp\/v2\/users\/1"}],"replies":[{"embeddable":true,"href":"https:\/\/margauxcontal.com\/index.php?rest_route=%2Fwp%2Fv2%2Fcomments&post=6202"}],"version-history":[{"count":95,"href":"https:\/\/margauxcontal.com\/index.php?rest_route=\/wp\/v2\/pages\/6202\/revisions"}],"predecessor-version":[{"id":7944,"href":"https:\/\/margauxcontal.com\/index.php?rest_route=\/wp\/v2\/pages\/6202\/revisions\/7944"}],"wp:attachment":[{"href":"https:\/\/margauxcontal.com\/index.php?rest_route=%2Fwp%2Fv2%2Fmedia&parent=6202"}],"curies":[{"name":"wp","href":"https:\/\/api.w.org\/{rel}","templated":true}]}}